{"id":7990,"date":"2026-02-03T11:46:04","date_gmt":"2026-02-03T10:46:04","guid":{"rendered":"https:\/\/www.5g-anbieter.info\/5g-news\/?page_id=7990"},"modified":"2026-04-02T10:17:46","modified_gmt":"2026-04-02T08:17:46","slug":"internet-ohne-vertrag-tarife","status":"publish","type":"page","link":"https:\/\/www.5g-anbieter.info\/5g-news\/internet-ohne-vertrag-tarife","title":{"rendered":"Internet ohne Vertrag | Tarife"},"content":{"rendered":"<h2>Alle Optionen f\u00fcr schnelles WLAN daheim \u00fcber Festnetz oder Funk<\/h2>\n<p>&nbsp;<\/p>\n<p><img decoding=\"async\" src=\"https:\/\/www.5g-anbieter.info\/5g-news\/wp-content\/uploads\/2022\/04\/internet-ohne-vertrag.webp\" alt=\"Internet ganz ohne Vertrag\" fetchpriority=\"high\"><\/p>\n<p>&nbsp;<\/p>\n<p>Am Handy gibt es dutzende Anbieter, bei denen man ganz ohne Vertrag g\u00fcnstig Telefon und Internetzugang bekommt. Da liegt der Gedanke nahe, auch den heimischen Flatrate-Anschluss f\u00fcr WLAN ohne langen Vertrag umzustellen. Aber ist das \u00fcberhaupt m\u00f6glich und wenn ja, welche Anbieter kommen in Frage und wieviel kostet es?<!--more--><\/p>\n<h3>Internet ganz ohne Vertrag \u2013 gibt\u2019s dass \u00fcberhaupt aktuell (2026)?<\/h3>\n<p>Kurz und knapp \u201ejain\u201c! Im Gegensatz zu Smartphone-Tarifen, existieren es auf dem Markt der Internet-Heimanschl\u00fcsse keine \u201e<a href=\"https:\/\/www.5g-anbieter.info\/prepaid\/5g-prepaid-tarife.html\" data-internallinksmanager029f6b8e52c=\"59\" title=\"Welche 5G-Prepaidanbieter und Tarife gibt es?\">Prepaid-Tarife<\/a>\u201c \u2013 egal ob \u00fcber DSL, VDSL, Kabel oder Glasfaser. F\u00fcr den Internetzugang zuhause muss man daher immer einen Vertrag eingehen. <u>ABER:<\/u> Vertrag hei\u00dft ja nur, dass man einige gewisse Zeit an den Anbieter gebunden ist \u2013 nicht mehr, nicht weniger. Die L\u00e4nge dieses Zeitraumes muss nicht immer 2 Jahre sein! Mit anderen Worten, es gibt M\u00f6glichkeiten f\u00fcr schnelles WLAN zuhause ohne 24 Monate Laufzeit, teils nur mit einmonatiger Bindung. Zudem sind da noch andere, kaum bekannte lohnende Alternativen. Beide stellen wir folgend kurz vor.<\/p>\n<h3><u>L\u00f6sung 1: Internetanschluss ohne Laufzeit w\u00e4hlen<\/u><\/h3>\n<p>F\u00fcr die Flatrate zuhause geht es also nicht wirklich ohne Vertrag. Daf\u00fcr kann man aber Tarife mit sehr geringer Mindestlaufzeit w\u00e4hlen. Danach l\u00e4sst sich jederzeit wieder k\u00fcndigen und den Anbieter wechseln. Sehr viele Angebote gibt es aber zugegeben nicht, da die Provider nach wie vor gerne ihre Kunden l\u00e4nger an sich binden wollen. Hier in K\u00fcrze alle Optionen:<\/p>\n<p>&nbsp;<\/p>\n<p><u><span>O2 Telef\u00f3nica:<\/span><\/u> O2 ist seit jeher der Primus in Sachen kundenfreundliche Laufzeiten. Denn wer sich <a href=\"https:\/\/www.5g-anbieter.info\/details\/o2vdsl\" rel=\"noopener nofollow\" target=\"_blank\">hier auf o2online.de\/internet-festnetz\/<\/a> f\u00fcr einen der \u201eHome\u201c Tarife (10-250 MBit) entscheidet (egal ob (V)DSL, Kabel oder Glasfaser), kann optional bei der Bestellung auch \u201eohne Laufzeit\u201c w\u00e4hlen. Der Tarif tr\u00e4gt dann den Zusatz \u201eFlex\u201c. Dann darf der Kunde \u201ejederzeit mit einer Frist von 1 Monat\u201c k\u00fcndigen. Unser Top Tipp!<\/p>\n<p>&nbsp;<\/p>\n<div class=\"pic_r\"><a href=\"https:\/\/www.5g-anbieter.info\/details\/o2vdsl\" rel=\"noopener nofollow\" target=\"_blank\"><img decoding=\"async\" src=\"https:\/\/www.5g-anbieter.info\/5g-news\/wp-content\/uploads\/2025\/09\/o2-flex.webp\" alt=\"o2 Home ohne Vertragslaufzeit\" loading=\"lazy\"><\/p>\n<p>DSL ohne Vertragslaufzeit abschlie\u00dfen bei O2 | Screenshot o2.de<\/p>\n<p><\/a><\/div>\n<p>&nbsp;<\/p>\n<p><u><span>Congstar:<\/span><\/u> <a href=\"https:\/\/www.5g-anbieter.info\/provider\/congstar\/5g-congstar.html\" data-internallinksmanager029f6b8e52c=\"5\" title=\"congstar 5G-Tarife zeigen\">Congstar<\/a> werden die meisten wohl nur durch g\u00fcnstige Handytarife kennen. Tats\u00e4chlich bietet die Telekomtochtermarke aber auch DSL und seit 2026 sogar waschechtes Glasfaser-Internet mit bis zu 1000 MBit\/s. Das Besondere: Es gibt keine Sprachflat, also nur Internet &#8211; daf\u00fcr zum kleinen Preis ab 38,- Euro monatlich. Auch wird auf eine feste Laufzeit verzichtet, eine K\u00fcndigung ist mit 4-Wochenfrist jederzeit m\u00f6glich. Info und Bestellung findet Ihr unter <a href=\"https:\/\/www.5g-anbieter.info\/details\/congstar\" rel=\"noopener nofollow\" target=\"_blank\">www.congstar.de\/internet<\/a>.<\/p>\n<p>&nbsp;<\/p>\n<p><u><span>1und1:<\/span><\/u> Der Discounter bietet hier bei <a href=\"https:\/\/www.5g-anbieter.info\/details\/1und1DSL\" rel=\"noopener nofollow\" target=\"_blank\">www.1und1.de\/dsl<\/a> unter \u201eDSL Flex\u201c alle Tarifangebote auch mit kurzer Bindung. Im Unterschied zu O2, betr\u00e4gt diese zun\u00e4chst f\u00fcr Neukunden 3 Monate. Danach darf man monatlich wechseln bzw. k\u00fcndigen. Am Preis \u00e4ndert sich nichts, aber man verzichtet auf aktuelle Sonderaktion, wie z.B. Freimonate.<\/p>\n<p>&nbsp;<\/p>\n<p><u><span>Deutsche Telekom:<\/span><\/u> Wer sich hier <a href=\"https:\/\/www.5g-anbieter.info\/details\/TelekomZuhause\" rel=\"noopener nofollow\" target=\"_blank\">auf telekom.de\/magentazuhause<\/a> \u00fcber die DSL- bzw. VDSL-Tarife des Anbieters informiert, kann seit 2023 alle Heim-Tarife wahlweise auch ohne Mindestlaufzeit bestellen. Genauer gesagt mit 1-monatiger K\u00fcndigungsfrist.<\/p>\n<h3><u>L\u00f6sung 2: Internet \u00fcber Funk<\/u><\/h3>\n<p>Heute muss man seinen Internetanschluss zuhause nicht mehr unbedingt \u00fcbers Festnetz oder Kabel betreiben. Seit einigen Jahren schon existiert eine einfache sehr flexible Alternative \u2013 sogenannte Heim-Zug\u00e4nge \u00fcber <a href=\"https:\/\/www.5g-anbieter.info\/lte\/\" data-internallinksmanager029f6b8e52c=\"66\" title=\"LTE\">LTE<\/a> bzw. 5G. Die Funktechnik versorgt l\u00e4ngst nicht mehr nur Ihr Handy unterwegs mit flottem Internet. Auch zuhause kann ein entsprechender Router wie \u00fcber DSL gewohnt WLAN bereitstellen. \u00dcber LTE sogar mit bis zu 500 MBit\/s (DSL nur 16, VDSL 250) und via 5G gibt\u2019s im Idealfall sogar Glasfaser-Speed von \u00fcber 1 GBit\/s. <\/p>\n<p>&nbsp;<\/p>\n<div class=\"pic_r_cl\"><img decoding=\"async\" src=\"https:\/\/www.5g-anbieter.info\/5g-news\/wp-content\/uploads\/2022\/04\/internet-per-5g.webp\" alt=\"Internet \u00fcber Funk ohne Vertrag\" loading=\"lazy\"><\/p>\n<p>Internet ohne Vertrag per Funk (5G oder LTE)<\/p>\n<\/div>\n<p>&nbsp;<\/p>\n<p>Und wie funktioniert das? Einfacher geht es kaum. Nur in den mitgelieferten LTE-Router die SIM-Karte einlegen, Strom anschlie\u00dfen, fertig! Schon gibt\u2019s WLAN f\u00fcr alle. Kein Techniker n\u00f6tig, keine Wartezeit. Einige kann man sogar in Deutschland \u00fcberall mit hinnehmen, versuchen Sie das mal mit einem \u201enormalem\u201c Internetanschluss. Angeboten werden diese Heim-Funk-Tarife zurzeit von O2, <a href=\"https:\/\/www.5g-anbieter.info\/provider\/vodafone\/5g-vodafone.html\" data-internallinksmanager029f6b8e52c=\"1\" title=\"5G Tarife von Vodafone zeigen\">Vodafone<\/a>, congstar und der Dt. <a href=\"https:\/\/www.5g-anbieter.info\/provider\/telekom\/5g-telekom.html\" data-internallinksmanager029f6b8e52c=\"2\" title=\"5G-Tarife der Telekom zeigen\">Telekom<\/a>. Leider gibt\u2019s auch hier wieder Tarife mit und ohne Laufzeit. Zudem sind nicht alle Angebote ohne Datenvolumenbegrenzung. Doch der Reihe nach. Folgende M\u00f6glichkeiten stehen zur Wahl:<\/p>\n<p>&nbsp;<\/p>\n<p><u>O2 Telefonica<\/u>: Wieder unser Favorit. Denn die \u201eHome\u201c Tarife gibt es auch \u00fcber LTE\/5G mit bis zu 100 MBit\/s. Der zugeh\u00f6rige Funk-Router hei\u00dft \u00fcbrigens \u201eHomespot\u201c. Das Besondere &#8211; es existiert keine Volumenbegrenzung! Zudem ist der Preis echt ein Hammer. 50 MBit ohne Limit und Festnetzflat gibt\u2019s schon f\u00fcr 34.99 Euro. Wie auch bei den regul\u00e4ren DSL-Tarifen, k\u00f6nnen die Homespot Varianten ohne Mindestlaufzeit hier auf <a href=\"https:\/\/www.5g-anbieter.info\/details\/o2homespot\" rel=\"noopener nofollow\" target=\"_blank\">www.o2online.de\/homespot<\/a> bestellt werden.<\/p>\n<p>&nbsp;<\/p>\n<p><u>Congstar:<\/u> Die Telekomtochter biete mit dem congstar Homespot Heim-Tarife per Funk mit 100-400 GB monatlich. Und das schon ab 22 \u20ac im Monat. Man kann sich wieder f\u00fcr eine Version \u201eohne Vertrag\u201c \u2013 sprich mit 0 Monaten Laufzeit\u201c \u2013 entscheiden. Bestellbar <a href=\"https:\/\/www.5g-anbieter.info\/details\/congstarhome\" rel=\"noopener nofollow\" target=\"_blank\">auf www.congstar.de\/homespot<\/a>.<\/p>\n<p>&nbsp;<\/p>\n<p><u>Vodafone:<\/u> Die <a href=\"https:\/\/www.5g-anbieter.info\/zuhause\/vodafone\/gigacube-5g.html\" data-internallinksmanager029f6b8e52c=\"19\" title=\"Vodafone Gigacube: Tarife und Preis\">Gigacube-Tarife<\/a> des Anbieters sind ebenfalls als Festnetzersatz sehr popul\u00e4r. Leider gibt es nur eine Variante \u201eohne Vertrag\u201c. Der Gigacube-Flex hat zwar streng genommen auch eine Laufzeit von 2 Jahren, aber es wird immer nur der Monat berechnet, wo Sie den Cube auch nutzen. Dann stehen 200 GB f\u00fcr 51.99 \u20ac zur Verf\u00fcgung. 5G ist \u00fcbrigens m\u00f6glich. Bestellung <a href=\"https:\/\/www.5g-anbieter.info\/details\/GigacubeFlex\" rel=\"noopener nofollow\" target=\"_blank\">unter www.vodafone.de\/gigacubeflex<\/a>.<\/p>\n<p>&nbsp;<\/p>\n<p><u>Telekom:<\/u> Hier hei\u00dft der passende Tarif \u201e<a href=\"https:\/\/www.5g-anbieter.info\/zuhause\/telekom\/magenta-mobil-speedbox.html\" data-internallinksmanager029f6b8e52c=\"18\" title=\"alles zu den Telekom-Speedbox-Tarifen\">Speedbox<\/a>\u201c. 100 GB monatliches Datenvolumen k\u00f6nnen als \u201eFlex\u201c Tarif ohne Laufzeit f\u00fcr 45 \u20ac je Monat gebucht werden. Sie zahlen also immer nur in dem Monat, in dem Sie die Box ben\u00f6tigen. Neben dem Betrieb zuhause, kann der Standort innerhalb Deutschlands beliebig ge\u00e4ndert werden. Zu haben hier <a href=\"https:\/\/www.5g-anbieter.info\/details\/speedbox\" rel=\"noopener nofollow\" target=\"_blank\">auf www.telekom.de\/speedbox<\/a>.<\/p>\n<h3>Das k\u00f6nnte Sie noch interessieren:<\/h3>\n<p>&raquo; <a href=\"https:\/\/www.5g-anbieter.info\/tarife\/kostenlos-5g.html\">Kostenlose 5G-Tarife?<\/a><br \/>\n&raquo; <a href=\"https:\/\/www.5g-anbieter.info\/5g-news\/hat-aldi-talk-schon-5g\">Gibt es eigentlich schon 5G bei Aldi?<\/a><\/p>\n<div style='text-align:center' class='yasr-auto-insert-visitor'><\/div>","protected":false},"excerpt":{"rendered":"<p>Alle Optionen f\u00fcr schnelles WLAN daheim \u00fcber Festnetz oder Funk &nbsp; &nbsp; Am Handy gibt es dutzende Anbieter, bei denen man ganz ohne Vertrag g\u00fcnstig Telefon und Internetzugang bekommt. Da liegt der Gedanke nahe, auch den heimischen Flatrate-Anschluss f\u00fcr WLAN ohne langen Vertrag umzustellen. Aber ist das \u00fcberhaupt m\u00f6glich und wenn ja, welche Anbieter kommen [&hellip;]<\/p>\n","protected":false},"author":1,"featured_media":0,"parent":0,"menu_order":0,"comment_status":"closed","ping_status":"closed","template":"","meta":{"yasr_overall_rating":0,"yasr_post_is_review":"yes","yasr_auto_insert_disabled":"","yasr_review_type":"CreativeWorkSeries","iawp_total_views":471,"footnotes":""},"class_list":["post-7990","page","type-page","status-publish","hentry"],"yasr_visitor_votes":{"stars_attributes":{"read_only":false,"span_bottom":false},"number_of_votes":3,"sum_votes":11},"jetpack_shortlink":"https:\/\/wp.me\/P6PABz-24S","jetpack_sharing_enabled":true,"_links":{"self":[{"href":"https:\/\/www.5g-anbieter.info\/5g-news\/wp-json\/wp\/v2\/pages\/7990","targetHints":{"allow":["GET"]}}],"collection":[{"href":"https:\/\/www.5g-anbieter.info\/5g-news\/wp-json\/wp\/v2\/pages"}],"about":[{"href":"https:\/\/www.5g-anbieter.info\/5g-news\/wp-json\/wp\/v2\/types\/page"}],"author":[{"embeddable":true,"href":"https:\/\/www.5g-anbieter.info\/5g-news\/wp-json\/wp\/v2\/users\/1"}],"replies":[{"embeddable":true,"href":"https:\/\/www.5g-anbieter.info\/5g-news\/wp-json\/wp\/v2\/comments?post=7990"}],"version-history":[{"count":5,"href":"https:\/\/www.5g-anbieter.info\/5g-news\/wp-json\/wp\/v2\/pages\/7990\/revisions"}],"predecessor-version":[{"id":13697,"href":"https:\/\/www.5g-anbieter.info\/5g-news\/wp-json\/wp\/v2\/pages\/7990\/revisions\/13697"}],"wp:attachment":[{"href":"https:\/\/www.5g-anbieter.info\/5g-news\/wp-json\/wp\/v2\/media?parent=7990"}],"curies":[{"name":"wp","href":"https:\/\/api.w.org\/{rel}","templated":true}]}}