{"id":9228,"date":"2026-02-04T09:45:34","date_gmt":"2026-02-04T08:45:34","guid":{"rendered":"https:\/\/www.5g-anbieter.info\/5g-news\/?page_id=9228"},"modified":"2026-02-04T14:39:16","modified_gmt":"2026-02-04T13:39:16","slug":"hat-aldi-talk-schon-5g","status":"publish","type":"page","link":"https:\/\/www.5g-anbieter.info\/5g-news\/hat-aldi-talk-schon-5g","title":{"rendered":"Hat Aldi Talk schon 5G?"},"content":{"rendered":"<h2>Alles zum Thema 5G bei ALDI<\/h2>\n<p>&nbsp;<\/p>\n<div class=\"pic_r_cl\"><img decoding=\"async\" src=\"https:\/\/www.5g-anbieter.info\/5g-news\/wp-content\/uploads\/2023\/01\/aldi-5g.webp\" alt=\"Aldi-Talk\" fetchpriority=\"high\"><\/div>\n<p>Deutschlands wohl beliebtester Discounter kann nicht nur g\u00fcnstige Lebensmittel. Das hauseigene Prepaid-Angebot geh\u00f6rt zu den meistgenutzten \u00fcberhaupt. Ein Grund ist sicher der faire Preis. Doch k\u00f6nnen die Aldi-Tarife eigentlich schon 5G oder nur <a href=\"https:\/\/www.5g-anbieter.info\/lte\/\" data-internallinksmanager029f6b8e52c=\"66\" title=\"LTE\">LTE<\/a>? Wir zeigen, ob 5G bei <a href=\"https:\/\/www.5g-anbieter.info\/prepaid\/anbieter\/aldi-talk-5g.html\">Aldi-Talk<\/a> schon geht und welche Alternativen es sonst gibt.<!--more--><\/p>\n<h3>Welches Netz hat ALDI?<\/h3>\n<div class=\"pic_r\"><img decoding=\"async\" src=\"https:\/\/www.5g-anbieter.info\/5g-news\/wp-content\/uploads\/2023\/03\/aldi-5g-internet.png\" alt=\"Aldi mit 5G?\" width=\"200\" loading=\"lazy\"><\/div>\n<p>Wie auch bei s\u00e4mtlichen Mitbewerbern (z.B. <a href=\"https:\/\/www.5g-anbieter.info\/5g-news\/hat-lidl-schon-5g\">Lidl<\/a>) gilt: Aldi unterh\u00e4lt nat\u00fcrlich keine eigenen Funkmasten f\u00fcr Mobilfunk. Es handelt sich um einen virtuellen Anbieter, der auf das Netz eines der drei gro\u00dfen Netzbetreiber zur\u00fcckgreift. Im Fall von Aldi ist das O2. Aldi-Kunden telefonieren und surfen unterwegs also \u00fcber O2\u00b4s E-Netz.<\/p>\n<h3>Kann ich bei Aldi-Talk schon 5G nutzen?<\/h3>\n<p>Tats\u00e4chlich ja! Aldi f\u00fchrte am 11.07.2023 sogar als erster virtueller Anbieter in Deutschland \u00fcberhaupt 5G bei <a href=\"https:\/\/www.5g-anbieter.info\/details\/alditalk\" rel=\"noopener nofollow\" target=\"_blank\">seinen Prepaid-Angeboten<\/a> ein. O2 hatte 5G f\u00fcr den ersten Netzpartner damals weit eher freigegeben als wir vermuteten. Viele andere Prepaid-Anbieter folgten anschlie\u00dfend dem Beispiel. Seit 2025 l\u00e4sst sich kaum noch ein Anbieter finden, der kein 5G bietet.<\/p>\n<p>&nbsp;<\/p>\n<div class=\"highlight2\">Jetzt <a href=\"https:\/\/www.5g-anbieter.info\/details\/alditalk\" rel=\"noopener nofollow\" target=\"_blank\">hier auf www.alditalk.de\/tarife<\/a> Starterset bestellen und mit 5G durchstarten&#8230;<\/div>\n<p>&nbsp;<\/p>\n<p><a href=\"https:\/\/www.5g-anbieter.info\/5g-news\/wp-content\/uploads\/2023\/07\/aldi-5g.webp\"><img decoding=\"async\" src=\"https:\/\/www.5g-anbieter.info\/5g-news\/wp-content\/uploads\/2023\/07\/aldi-5g.webp\" alt=\"Aldi-Talk Tarife mit 5G\" loading=\"lazy\"><\/a><\/p>\n<h3>Was brauche ich f\u00fcr 5G bei Aldi-Talk?<\/h3>\n<p>In erster Linie muss zun\u00e4chst einmal das Endger\u00e4t, sprich Smartphone 5G-f\u00e4hig sein. Das trifft seit geraumer Zeit auf fast alle Modelle \u00fcber 200 \u20ac zu. Sollten Sie sich unsicher sein, schauen Sie am besten ins Handbuch oder googeln die Spezifikationen. Sofern 5G unterst\u00fctzt wird, braucht es eigentlich nur ein <a href=\"https:\/\/www.5g-anbieter.info\/prepaid\/anbieter\/aldi-talk-5g.html\" data-internallinksmanager029f6b8e52c=\"75\" title=\"alles zu den 5G-Prepaid-Tarifen von Aldi\">Aldi-Talk<\/a> Tarif mit inkludiertem Datenvolumen, wie die Allnetflat S. Bestandskunden k\u00f6nnen nat\u00fcrlich auch mit 5G surfen.<\/p>\n<h3>Wie steht es mit 4G\/LTE und wie schnell ist das bei Aldi-Talk?<\/h3>\n<p>Auch der 5G-Vorg\u00e4nger LTE ist schon seit 10 Jahren fester Bestandteil aller Aldi-Talk Pakete. Ohne Mehrkosten versteht sich. Nur beim inkludierten Datenvolumen gibt es Unterschiede zwischen den Tarifen (ganz unten). Die maximale Daten\u00fcbertragungsrate (Geschwindigkeit) liegt \u00fcbrigens bei 100 MBit\/s &#8211; egal ob 5G oder LTE zum Einsatz kommt. Nur der Unlimited L Tarife bietet sogar 150 MBit. Nat\u00fcrlich ist das weit entfernt von den m\u00f6glichen 5G-Datenraten im Bereich von 1000 MBit\/s, reicht aber f\u00fcr die meisten Aufgaben im Alltag v\u00f6llig aus. Der Wert entspricht einem VDSL100 Anschluss, mit dem prinzipiell sogar vier 4K-Netflix-Streams gleichzeitig \u00fcbertragbar sind. Wer deutlich \u00fcber 100 MBit\/s oder sogar 5G haben will, muss wechseln bzw. sich f\u00fcr einen anderen Anbieter entscheiden. Siehe <a href=\"https:\/\/www.5g-anbieter.info\/allnet\/5g-allnetflat-vergleich.html\">hier im gro\u00dfen Allnetflat-Vergleich<\/a>.<\/p>\n<h3>andere Alternativen mit 5G zum kleinen Preis<\/h3>\n<p>Tats\u00e4chlich gibt es sogar noch eine sehr preiswerte Prepaid-Alternative mit 5G, die theoretisch sogar Datenraten von \u00fcber 1000 MBit\/s erm\u00f6glicht. Die Rede ist von Vodafones Prepaid-Angebot \u201e<a href=\"https:\/\/www.5g-anbieter.info\/prepaid\/anbieter\/callya-5g.html\">Callya<\/a>\u201c. Inklusive <a href=\"https:\/\/www.5g-anbieter.info\/allnet\/5g-allnetflatrate.html\" title=\"Was ist eine Allnetflat?\">Allnetflat<\/a> und 25 GB Datenvolumen + 5G kostet das alles nur 9.99 \u20ac im Monat. Also lediglich 2 \u20ac mehr als Aldis g\u00fcnstigste Allnetflat mit gleichem Datenvolumen. Eine kostenlose <a href=\"https:\/\/www.5g-anbieter.info\/prepaid\/anbieter\/callya-5g.html\" data-internallinksmanager029f6b8e52c=\"74\" title=\"alles zu den 5G-Callya Tarifen von Vodafone\">Callya<\/a>-SIM Karte k\u00f6nnen Sie <a href=\"https:\/\/www.5g-anbieter.info\/details\/callya\" rel=\"noopener nofollow\" target=\"_blank\">hier auf www.vodafone.de\/callya bestellen<\/a>. Andere <a href=\"https:\/\/www.5g-anbieter.info\/vergleich\/5g-tarife.html\" data-internallinksmanager029f6b8e52c=\"61\" title=\"Vergleich der Anbieter und Tarife: Wieviel kostet 5G?\">5G-Tarife<\/a> ab ca. 10 \u20ac finden Sie <a href=\"https:\/\/www.5g-anbieter.info\/allnet\/5g-allnetflat-vergleich.html\">hier im Vergleich<\/a>.<\/p>\n<h3>Testbericht<\/h3>\n<p>Wir haben das neue Aldi-Talk mit 5G f\u00fcr Sie nat\u00fcrlich <a href=\"https:\/\/www.5g-anbieter.info\/prepaid\/anbieter\/aldi-talk-5g.html\">auch ausf\u00fchrlich getestet<\/a>. Im Erfahrungsbericht zeigen wir auch, wie gut sich das Angebot im Alltag schl\u00e4gt.<\/p>\n<h3>Das sind die aktuellen Aldi-Talk Tarife f\u00fcrs Smartphone im \u00dcberblick:<\/h3>\n<p><script type=\"text\/javascript\" src=\"https:\/\/www.tariffuxx.de\/tools\/view\/twl-mobile?tool_id=382\" id=\"twl-mobile-382\"><\/script><br \/>\n<noscript>Bitte aktivieren Sie JavaScript, um die Aldi-Tarife zu zeigen.<\/noscript><\/p>\n<h3>Das k\u00f6nnte Sie noch interessieren:<\/h3>\n<p>&raquo; <a href=\"https:\/\/www.5g-anbieter.info\/5g-news\/hat-lidl-schon-5g\">Hat LIDL eigentlich 5G?<\/a><br \/>\n&raquo; <a href=\"https:\/\/www.5g-anbieter.info\/5g-news\/hat-tchibo-schon-5g\">Wie stehts mit 5G bei Tchibo?<\/a><br \/>\n&raquo; <a href=\"https:\/\/www.5g-anbieter.info\/5g-news\/hat-blau-de-schon-5g\">Gibts bei Blau 5G?<\/a><br \/>\n&raquo; <a href=\"https:\/\/www.5g-anbieter.info\/tarife\/kostenlos-5g.html\">Gibt es auch kostenlose 5G-Tarife?<\/a><\/p>\n<div style='text-align:center' class='yasr-auto-insert-visitor'><\/div>","protected":false},"excerpt":{"rendered":"<p>Alles zum Thema 5G bei ALDI &nbsp; Deutschlands wohl beliebtester Discounter kann nicht nur g\u00fcnstige Lebensmittel. Das hauseigene Prepaid-Angebot geh\u00f6rt zu den meistgenutzten \u00fcberhaupt. Ein Grund ist sicher der faire Preis. Doch k\u00f6nnen die Aldi-Tarife eigentlich schon 5G oder nur LTE? Wir zeigen, ob 5G bei Aldi-Talk schon geht und welche Alternativen es sonst gibt.<\/p>\n","protected":false},"author":1,"featured_media":0,"parent":0,"menu_order":0,"comment_status":"closed","ping_status":"closed","template":"","meta":{"yasr_overall_rating":0,"yasr_post_is_review":"","yasr_auto_insert_disabled":"","yasr_review_type":"","iawp_total_views":528,"footnotes":""},"class_list":["post-9228","page","type-page","status-publish","hentry"],"yasr_visitor_votes":{"stars_attributes":{"read_only":false,"span_bottom":false},"number_of_votes":3,"sum_votes":11},"jetpack_shortlink":"https:\/\/wp.me\/P6PABz-2oQ","jetpack_sharing_enabled":true,"_links":{"self":[{"href":"https:\/\/www.5g-anbieter.info\/5g-news\/wp-json\/wp\/v2\/pages\/9228","targetHints":{"allow":["GET"]}}],"collection":[{"href":"https:\/\/www.5g-anbieter.info\/5g-news\/wp-json\/wp\/v2\/pages"}],"about":[{"href":"https:\/\/www.5g-anbieter.info\/5g-news\/wp-json\/wp\/v2\/types\/page"}],"author":[{"embeddable":true,"href":"https:\/\/www.5g-anbieter.info\/5g-news\/wp-json\/wp\/v2\/users\/1"}],"replies":[{"embeddable":true,"href":"https:\/\/www.5g-anbieter.info\/5g-news\/wp-json\/wp\/v2\/comments?post=9228"}],"version-history":[{"count":5,"href":"https:\/\/www.5g-anbieter.info\/5g-news\/wp-json\/wp\/v2\/pages\/9228\/revisions"}],"predecessor-version":[{"id":13637,"href":"https:\/\/www.5g-anbieter.info\/5g-news\/wp-json\/wp\/v2\/pages\/9228\/revisions\/13637"}],"wp:attachment":[{"href":"https:\/\/www.5g-anbieter.info\/5g-news\/wp-json\/wp\/v2\/media?parent=9228"}],"curies":[{"name":"wp","href":"https:\/\/api.w.org\/{rel}","templated":true}]}}