{"id":9252,"date":"2026-01-03T16:01:03","date_gmt":"2026-01-03T15:01:03","guid":{"rendered":"https:\/\/www.5g-anbieter.info\/5g-news\/?page_id=9252"},"modified":"2026-01-04T11:43:47","modified_gmt":"2026-01-04T10:43:47","slug":"die-5-besten-sipgate-alternativen-kostenlos","status":"publish","type":"page","link":"https:\/\/www.5g-anbieter.info\/5g-news\/die-5-besten-sipgate-alternativen-kostenlos","title":{"rendered":"Die 5 besten Alternativen zu Sipgate VOIP"},"content":{"rendered":"<h2>Welche kostenlosen VOIP bzw. SIP-Anbieter gibt es noch?<\/h2>\n<p>Jahrelang galt f\u00fcr Privatkunden Sipgate als DER Anbieter f\u00fcr kosteng\u00fcnstige Internettelefonie. Doch bereits seit Ende 2022 k\u00f6nnen Neukunden keinen neuen Account mehr erstellen und auch f\u00fcr Bestandskunden sollte noch 2023 Schluss sein (Update: Unser alter Account funktioniert dennoch weiterhin). Ein Umzug bzw. eine Alternative f\u00fcr Neukunden ist also angesagt! Wir zeigen, welche M\u00f6glichkeiten es gibt.<\/p>\n<p><!--more--><\/p>\n<p>&nbsp;<\/p>\n<div class=\"pic_r_cl\"><img decoding=\"async\" src=\"https:\/\/www.5g-anbieter.info\/5g-news\/wp-content\/uploads\/2023\/01\/alternativen-sipgate.webp\" alt=\"Ratgeber: andere Anbieter statt Sipgate\" title=\"Ratgeber: andere Anbieter statt Sipgate\" fetchpriority=\"high\"><\/div>\n<p>&nbsp;<\/p>\n<h3>Sipgates Aus f\u00fcr Privatkunden<\/h3>\n<p>Es war auch zu sch\u00f6n. Viele Jahre lang bot der VOIP-Spezialist \u201eSipgate\u201c ein kostenloses Basispaket Namens \u201estarter&#8220;. \u00c4hnlich wie bei einem Prepaid-Basispaket, gab es hier keine Grundgeb\u00fchr und man konnte bei Bedarf weltweit ab 1 Cent die Minute telefonieren. Von Sip zu Sip sogar kostenlos. Doch nicht nur das! Der Anbieter erlaubte sogar bis zu 10 Rufnummern mitzunehmen und dort kostenlos zu \u201eparken\u201c.  Doch damit ist leider Schluss! Sipgate hat sich entschlossen, nur noch kostenpflichtige Businesstarife (S, L und XL) ab 12.95 \u20ac monatlich anzubieten. Privatkunden d\u00fcrfte noch im Laufe 2023 gek\u00fcndigt werden. Die Frage ist nun: Wohin am besten umziehen?<\/p>\n<h3>Kostenlose Alternativen f\u00fcr Sipgate<\/h3>\n<p>Soviel vorweg \u2013 einen Tarif 1:1 wie damals mit sipgates Basis-Tarif f\u00fcr Privatkunden, gibt es so leider bei keinem anderen Anbieter. Die meisten verlangen zumindest bei mehr als 1-3 Rufnummern eine Grundgeb\u00fchr, wenn auch sehr gering \u2013 teils unter 10 \u20ac j\u00e4hrlich. Wir haben die sechs attraktivsten, g\u00fcnstigsten Angebote f\u00fcr Sie recherchiert.<\/p>\n<p>&nbsp;<\/p>\n<p><strong>Alternative 1: Fonial<\/strong><\/p>\n<div class=\"pic_r\"><img decoding=\"async\" src=\"https:\/\/www.5g-anbieter.info\/5g-news\/wp-content\/uploads\/2023\/01\/fonial.webp\" alt=\"fonial\" width=\"120\"><\/div>\n<p>Unser Favorit hei\u00dft eindeutig <a href=\"https:\/\/www.fonial.de\/telefonanlage\/preise\/?kwk=c12fecdf29\" rel=\"noopener nofollow\" target=\"_blank\">Fonial<\/a>. Das Angebot wird vom renommierten Energieversorger EnBW realisiert. Neben einem kostenpflichtigen Paket f\u00fcr 3.90 \u20ac (4,64 brutto) im Monat, gibt es aber noch ein Basis-Tarif f\u00fcr 0,- \u20ac. Man zahlt also, wie schon damals bei sipgate, keine Grundgeb\u00fchr. Zudem kann man sogar 3(!) Rufnummern gratis mitnehmen. Der Unterschied zwischen Basis und Pro-Paket ist vor allem, dass man hier pro Minute 2,26 Cent statt 1,19 Cent pro Minute zahlt. Ins Mobilfunknetz Faktor 10 (22,26 Cent). Wer also nur gelegentlich telefonieret, kommt mit dem Gratis-Paket deutlich besser. Alle weiteren Unterschiede, z.B. fehlende Fax-Funktion, finden Sie <a href=\"https:\/\/www.fonial.de\/telefonanlage\/preise\/?kwk=c12fecdf29\" rel=\"noopener nofollow\" target=\"_blank\">hier in einer Tabelle<\/a> (weit runter scrollen).<\/p>\n<p>&nbsp;<\/p>\n<p><img decoding=\"async\" src=\"https:\/\/www.5g-anbieter.info\/5g-news\/wp-content\/uploads\/2023\/01\/fonial-1.webp\" alt=\"Fonial\" loading=\"lazy\"><\/p>\n<p>&nbsp;<\/p>\n<p><strong>Alternative 2: bellSIP<\/strong><br \/>\nF\u00fcr Schn\u00e4ppchenf\u00fcchse und alle, die den VOIP-Anschluss wirklich nur selten ben\u00f6tigen, empfehlen wir noch <a href=\"https:\/\/bellsip.com\/index.php\" rel=\"noopener\" target=\"_blank\">bellSIP<\/a>. Hier telefonieren Sie ohne Mindestumsatz und Vertragsbindung oder Grundgeb\u00fchr f\u00fcr 1 Cent ins dt. Festnetz. Zudem gratis von bellSIP zu bellSIP. Rufnummern von sipgate zu bellSIP umzuziehen, scheint aber nicht m\u00f6glich zu sein. Zudem kostet eine pers\u00f6nliche Festnetznummer (aus jedem beliebigen Land) 5 \u20ac pro Jahr. F\u00fcr 5.99 \u20ac monatlich gibt\u2019s sogar eine Festnetzflat mit 200 Freiminuten ins Ausland.<\/p>\n<p>&nbsp;<\/p>\n<p><strong>Alternative 3: AnWaDi<\/strong><br \/>\nDer n\u00e4chste kostenlose SIP-Anbieter ist AnWaDi mit \u201e<a href=\"https:\/\/www.anwadi.de\/triluconnect\/\" rel=\"noopener nofollow\" target=\"_blank\">Trilu Connect<\/a>\u201c. Offiziell richtet sich das Angebot aber an gewerbliche Kunden, da die Preisangebote netto ausgezeichnet werden. Das Basispaket \u201eTriluConnect Basic\u201c l\u00e4sst sich aber wahrscheinlich auch von Privatkunden buchen \u2013 einfach ausprobieren. Der Minutenpreis liegt unter 1 Cent. Verbindungen in das Festnetz werden mit superg\u00fcnstigen 0,39 ct. abgerechnet, Mobil sind es ebenfalls sehr faire 2,99 Cent. Eine Rufnummer kann kostenlos portiert werden. Eine Portierung bis von bis zu 10 Rufnummern ist aber erst ab dem Plus-Paket f\u00fcr 2,90 \u20ac monatlich m\u00f6glich.<\/p>\n<p>&nbsp;<\/p>\n<p><strong>Alternative 4: einfachVoip<\/strong><br \/>\nBei <a href=\"https:\/\/einfachvoip.de\/\" rel=\"noopener nofollow\" target=\"_blank\">einfachVoIP.de<\/a> gibt\u2019s ebenfalls ein Basic-Tarif mit 0,- \u20ac Grundgeb\u00fchr und Mindestumsatz. Bei den Minutenpreisen geht es schon f\u00fcr weit unter 1 Cent los. Je nach Zielland, hilft da ein Geb\u00fchrenrechner auf der Homepage. Sogar SMS k\u00f6nnen f\u00fcr 7 Cent geschickt werden. Die Portierung von Rufnummern ist m\u00f6glich. Hier lassen sich 1er bis 100er Bl\u00f6cke \u00fcbernehmen \u2013 die Kosten schwanken mit dem Volumen. Los geht es ab 1.99 \u20ac im Monat.<\/p>\n<p>&nbsp;<\/p>\n<p><strong>Alternative 5: Peoplefone<\/strong><br \/>\nGanz ohne monatlich Kosten geht es auch bei <a href=\"https:\/\/www.peoplefone.com\/de-de\/preise-fuer-privatkunden\" rel=\"noopener nofollow\" target=\"_blank\">peoplefone<\/a> im Privatkunden Basispaket. Bei Mitnahme von bis zu 5 Rufnummern, fallen 12 \u20ac j\u00e4hrlich an. Allerdings fanden wir die Seite recht un\u00fcbersichtlich. Auch zu den Minutenpreisen fanden wir nichts.<\/p>\n<p>&nbsp;<\/p>\n<p><strong>Alternative 6: Sipload<\/strong><br \/>\nBei <a href=\"https:\/\/sipload.de\/telefonanschluesse\/preis%C3%BCbersicht.html\" rel=\"noopener nofollow\" target=\"_blank\">Sipload<\/a> ist leider nur das erste Jahr kostenlos. Danach steigt die Grundgeb\u00fchr auf 14,99 \u20ac pro JAHR, also umgerechnet 1,25 \u20ac je Monat. Daf\u00fcr stehen dann 1 Ortsnetzrufnummer zur Verf\u00fcgung. Die Minute kostet 1.38 Cent im Festnetz und 13,8 Cent mobil.<\/p>\n<h3>K\u00fcndigung des Sipgate Accounts: Was wird mit dem Guthaben<\/h3>\n<p>Bei vielen wird sicher noch ein Restguthaben auf ihrem Account \u00fcbrig sein. Laut der Hilfe auf sipgate.de, kann das aber ausgezahlt werden. Dazu muss man in die Accountverwaltung unter \u201eKontoeinstellungen\u201c. Dort ganz unten auf \u201eAccount l\u00f6schen\u201c. Das ist die Voraussetzung f\u00fcr die Einleitung der Auszahlung. Anschlie\u00dfend wird man gefragt auf welches Konto man den Restbetrag ausbezahlt haben m\u00f6chte.<\/p>\n<p>&nbsp;<\/p>\n<p><img decoding=\"async\" src=\"https:\/\/www.5g-anbieter.info\/5g-news\/wp-content\/uploads\/2023\/01\/sipgate-guthaben-auszahlen.webp\" alt=\"Sipgate Guthaben auszahlen\" title=\"Sipgate Guthaben auszahlen\"><\/p>\n<h3>Das k\u00f6nnte Sie noch interessieren:<\/h3>\n<p>&raquo; <a href=\"https:\/\/www.5g-anbieter.info\/5g-news\/bietet-freenet-schon-5g\">Hat Freenet schon 5G?<\/a><\/p>\n<div style='text-align:center' class='yasr-auto-insert-visitor'><\/div>","protected":false},"excerpt":{"rendered":"<p>Welche kostenlosen VOIP bzw. SIP-Anbieter gibt es noch? Jahrelang galt f\u00fcr Privatkunden Sipgate als DER Anbieter f\u00fcr kosteng\u00fcnstige Internettelefonie. Doch bereits seit Ende 2022 k\u00f6nnen Neukunden keinen neuen Account mehr erstellen und auch f\u00fcr Bestandskunden sollte noch 2023 Schluss sein (Update: Unser alter Account funktioniert dennoch weiterhin). Ein Umzug bzw. eine Alternative f\u00fcr Neukunden ist [&hellip;]<\/p>\n","protected":false},"author":1,"featured_media":0,"parent":0,"menu_order":0,"comment_status":"closed","ping_status":"closed","template":"","meta":{"yasr_overall_rating":0,"yasr_post_is_review":"yes","yasr_auto_insert_disabled":"","yasr_review_type":"CreativeWorkSeries","iawp_total_views":8391,"footnotes":""},"class_list":["post-9252","page","type-page","status-publish","hentry"],"yasr_visitor_votes":{"stars_attributes":{"read_only":false,"span_bottom":false},"number_of_votes":8,"sum_votes":24},"jetpack_shortlink":"https:\/\/wp.me\/P6PABz-2pe","jetpack_sharing_enabled":true,"_links":{"self":[{"href":"https:\/\/www.5g-anbieter.info\/5g-news\/wp-json\/wp\/v2\/pages\/9252","targetHints":{"allow":["GET"]}}],"collection":[{"href":"https:\/\/www.5g-anbieter.info\/5g-news\/wp-json\/wp\/v2\/pages"}],"about":[{"href":"https:\/\/www.5g-anbieter.info\/5g-news\/wp-json\/wp\/v2\/types\/page"}],"author":[{"embeddable":true,"href":"https:\/\/www.5g-anbieter.info\/5g-news\/wp-json\/wp\/v2\/users\/1"}],"replies":[{"embeddable":true,"href":"https:\/\/www.5g-anbieter.info\/5g-news\/wp-json\/wp\/v2\/comments?post=9252"}],"version-history":[{"count":5,"href":"https:\/\/www.5g-anbieter.info\/5g-news\/wp-json\/wp\/v2\/pages\/9252\/revisions"}],"predecessor-version":[{"id":13612,"href":"https:\/\/www.5g-anbieter.info\/5g-news\/wp-json\/wp\/v2\/pages\/9252\/revisions\/13612"}],"wp:attachment":[{"href":"https:\/\/www.5g-anbieter.info\/5g-news\/wp-json\/wp\/v2\/media?parent=9252"}],"curies":[{"name":"wp","href":"https:\/\/api.w.org\/{rel}","templated":true}]}}