{"id":9283,"date":"2026-02-04T09:21:03","date_gmt":"2026-02-04T08:21:03","guid":{"rendered":"https:\/\/www.5g-anbieter.info\/5g-news\/?page_id=9283"},"modified":"2026-02-04T14:59:32","modified_gmt":"2026-02-04T13:59:32","slug":"hat-blau-de-schon-5g","status":"publish","type":"page","link":"https:\/\/www.5g-anbieter.info\/5g-news\/hat-blau-de-schon-5g","title":{"rendered":"Hat Blau eigentlich schon 5G?"},"content":{"rendered":"<h2>Alles zum Thema 5G beim Mobilfunkanbieter Blau.de<\/h2>\n<p>&nbsp;<\/p>\n<div class=\"pic_r_cl\"><img decoding=\"async\" src=\"https:\/\/www.5g-anbieter.info\/5g-news\/wp-content\/uploads\/2023\/01\/blau-5g.webp\" alt=\"5G bei Blau\" fetchpriority=\"high\"><\/div>\n<p>Die Mobilfunkmarke \u201eBlau\u201c z\u00e4hlt mit zu den meistgenutzten Anbietern f\u00fcr g\u00fcnstige Handy-Tarife mit Allnetflat in Deutschland. Aber kann ich hier schon das neue 5G nutzen? Wenn ja, was kosten die Tarife und wie schnell ist das?<!--more--><\/p>\n<h3>Welches Netz hat Blau momentan (2026)?<\/h3>\n<div class=\"pic_r\"><img decoding=\"async\" src=\"https:\/\/www.5g-anbieter.info\/5g-news\/wp-content\/uploads\/2023\/01\/blau.webp\" alt=\"Blau\" width=\"150\" loading=\"lazy\"><\/div>\n<p>Bei \u201e<a href=\"https:\/\/www.5g-anbieter.info\/prepaid\/anbieter\/blau-5g.html\">Blau<\/a>\u201c handelt es sich um eine Marke der Telef\u00f3nica Deutschland, geh\u00f6rt also direkt zu O2. Demzufolge wird auch auf das hauseigene O2 E-Netz f\u00fcr s\u00e4mtliche Tarife gesetzt.<\/p>\n<h3>Hat Blau 4G\/LTE?<\/h3>\n<p><a href=\"https:\/\/www.5g-anbieter.info\/lte\/\" data-internallinksmanager029f6b8e52c=\"66\" title=\"LTE\">LTE<\/a> ist schon seit einigen Jahren fester Bestandteil aller <a href=\"https:\/\/www.5g-anbieter.info\/prepaid\/anbieter\/blau-5g.html\">Blau-Angebote<\/a> und muss nicht extra bezahlt werden. Allerdings mit eher beschr\u00e4nkter Datenrate. W\u00e4hrend im O2 LTE-Netz technisch gesehen schon 300 MBit\/s m\u00f6glich sind, m\u00fcssen sich Nutzer bei Blau mit 50-100 MBit\/s zufriedengeben. Bis Ende 2023 waren es sogar nur 33 MBit\/s. Das klingt zwar wenig, reicht im Alltag aber v\u00f6llig aus. Zum Vergleich: Ein schneller DSL-Anschluss schafft mit 16 MBit\/s gerade einmal die H\u00e4lfte. Mit 50 MBit\/s lie\u00dfe sich sogar problemlos auf einem Fernseher mit 4K Ultra HD in h\u00f6chster Qualit\u00e4t Netflix oder Amazon streamen&#8230;<\/p>\n<h3>Hab ich 5G bei Blau.de?<\/h3>\n<p>Tats\u00e4chlich k\u00f6nnen Blau-Kunden seit Dezember 2023 auch das moderne 5G-Netz (O2) nutzen. Zu Beginn galt das aber nur f\u00fcr Vertragstarife und Blau berechnete 1 \u20ac monatlich als Upgrade. Doch kurze Zeit sp\u00e4ter strich der Anbieter den Aufpreis. Im August 2024 folgte sogar die Freischaltung von 5G bei <a href=\"https:\/\/www.5g-anbieter.info\/prepaid\/anbieter\/blau-5g.html\" data-internallinksmanager029f6b8e52c=\"77\" title=\"alles zu den 5G-Prepaid Tarifen von Blau\">Blau.de<\/a> f\u00fcr Prepaidkunden. <\/p>\n<h3>Alternativen zu Blau.de<\/h3>\n<p>Wer noch mehr Geschwindigkeit im 5G-Netz m\u00f6chte, f\u00fcr den haben wir einen Tipp \u2013 ganz ohne Vertrag als Prepaid-Tarif! Die Rede ist von <a href=\"https:\/\/www.5g-anbieter.info\/prepaid\/anbieter\/callya-5g.html\">Callya<\/a> (<a href=\"https:\/\/www.5g-anbieter.info\/provider\/vodafone\/5g-vodafone.html\" data-internallinksmanager029f6b8e52c=\"1\" title=\"5G Tarife von Vodafone zeigen\">Vodafone<\/a>). Die Allnetflat S bietet dort f\u00fcr 9.99 \u20ac 25 GB Datenvolumen (erweiterbar) mit 5G. Bei der Geschwindigkeit ist man nach oben offen, was die Technik im Vodafone-Netz vor Ort hergibt. Im Idealfall also \u00fcber 1 Gbit\/s. Eine <a href=\"https:\/\/www.5g-anbieter.info\/details\/callya\" rel=\"noopener nofollow\" target=\"_blank\">kostenlose Callya SIM Freikarte k\u00f6nnen Sie hier bestellen<\/a>. Zudem haben noch eine <a href=\"https:\/\/www.5g-anbieter.info\/prepaid\/5g-prepaid-tarife.html\">Reihe anderer Prepaidanbieter 5G eingef\u00fchrt<\/a>.<\/p>\n<h3>Aktuelle Blau Tarife f\u00fcrs Smartphone im Vergleich<\/h3>\n<p><script type=\"text\/javascript\" src=\"https:\/\/www.tariffuxx.de\/tools\/view\/twl-mobile?tool_id=388\" id=\"twl-mobile-388\"><\/script><br \/>\n<noscript>Bitte aktivieren Sie JavaScript, um den Tarifvergleich zu nutzen.<\/noscript><\/p>\n<h3>Das k\u00f6nnte Sie noch interessieren:<\/h3>\n<p>&raquo; <a href=\"https:\/\/www.5g-anbieter.info\/5g-news\/hat-lidl-schon-5g\">Hat LIDL eigentlich 5G?<\/a><br \/>\n&raquo; <a href=\"https:\/\/www.5g-anbieter.info\/5g-news\/hat-tchibo-schon-5g\">Wie stehts mit 5G bei Tchibo?<\/a><br \/>\n&raquo; <a href=\"https:\/\/www.5g-anbieter.info\/5g-news\/hat-1und1-schon-5g\">Bietet 1&#038;1 schon 5G an?<\/a><br \/>\n&raquo; <a href=\"https:\/\/www.5g-anbieter.info\/tarife\/kostenlos-5g.html\">Gibt es auch kostenlose 5G-Tarife?<\/a><\/p>\n<div style='text-align:center' class='yasr-auto-insert-visitor'><\/div>","protected":false},"excerpt":{"rendered":"<p>Alles zum Thema 5G beim Mobilfunkanbieter Blau.de &nbsp; Die Mobilfunkmarke \u201eBlau\u201c z\u00e4hlt mit zu den meistgenutzten Anbietern f\u00fcr g\u00fcnstige Handy-Tarife mit Allnetflat in Deutschland. Aber kann ich hier schon das neue 5G nutzen? Wenn ja, was kosten die Tarife und wie schnell ist das?<\/p>\n","protected":false},"author":1,"featured_media":0,"parent":0,"menu_order":0,"comment_status":"closed","ping_status":"closed","template":"","meta":{"yasr_overall_rating":0,"yasr_post_is_review":"yes","yasr_auto_insert_disabled":"","yasr_review_type":"CreativeWorkSeries","iawp_total_views":682,"footnotes":""},"class_list":["post-9283","page","type-page","status-publish","hentry"],"yasr_visitor_votes":{"stars_attributes":{"read_only":false,"span_bottom":false},"number_of_votes":1,"sum_votes":3},"jetpack_shortlink":"https:\/\/wp.me\/P6PABz-2pJ","jetpack_sharing_enabled":true,"_links":{"self":[{"href":"https:\/\/www.5g-anbieter.info\/5g-news\/wp-json\/wp\/v2\/pages\/9283","targetHints":{"allow":["GET"]}}],"collection":[{"href":"https:\/\/www.5g-anbieter.info\/5g-news\/wp-json\/wp\/v2\/pages"}],"about":[{"href":"https:\/\/www.5g-anbieter.info\/5g-news\/wp-json\/wp\/v2\/types\/page"}],"author":[{"embeddable":true,"href":"https:\/\/www.5g-anbieter.info\/5g-news\/wp-json\/wp\/v2\/users\/1"}],"replies":[{"embeddable":true,"href":"https:\/\/www.5g-anbieter.info\/5g-news\/wp-json\/wp\/v2\/comments?post=9283"}],"version-history":[{"count":5,"href":"https:\/\/www.5g-anbieter.info\/5g-news\/wp-json\/wp\/v2\/pages\/9283\/revisions"}],"predecessor-version":[{"id":10513,"href":"https:\/\/www.5g-anbieter.info\/5g-news\/wp-json\/wp\/v2\/pages\/9283\/revisions\/10513"}],"wp:attachment":[{"href":"https:\/\/www.5g-anbieter.info\/5g-news\/wp-json\/wp\/v2\/media?parent=9283"}],"curies":[{"name":"wp","href":"https:\/\/api.w.org\/{rel}","templated":true}]}}